8 and 662.
662
What is the highest common divisor of 113512 and 10360?
56
What is the greatest common divisor of 1119 and 2199?
3
Calculate the greatest common factor of 5986 and 464207.
73
What is the greatest common factor of 13169 and 13897?
13
What is the greatest common factor of 61 and 98621994?
61
Calculate the greatest common factor of 6426 and 51882708.
102
Calculate the greatest common factor of 702 and 62910198.
234
What is the greatest common divisor of 6369 and 5797913?
2123
What is the greatest common divisor of 12099 and 1656873357?
12099
What is the highest common factor of 240414632 and 356?
356
Calculate the highest common factor of 26445 and 299505.
615
What is the highest common factor of 236 and 164468518?
118
Calculate the greatest common divisor of 1538784 and 96.
96
Calculate the greatest common divisor of 570 and 536512975.
95
Calculate the highest common divisor of 5230 and 10065658.
1046
Calculate the greatest common divisor of 958662 and 5248.
82
Calculate the highest common factor of 261120 and 709376.
4352
What is the highest common factor of 19844 and 46576?
164
Calculate the greatest common factor of 1254 and 6765462.
66
Calculate the greatest common divisor of 963 and 37296027.
963
Calculate the highest common divisor of 9 and 532647.
9
Calculate the greatest common factor of 23546145 and 21105.
7035
Calculate the greatest common divisor of 42370 and 178980.
190
Calculate the highest common factor of 11880 and 4770.
90
Calculate the highest common factor of 38747057 and 20084.
5021
What is the greatest common factor of 16968 and 100488?
24
Calculate the greatest common divisor of 73 and 4228379.
73
What is the highest common divisor of 763177947 and 74?
37
What is the highest common divisor of 3818 and 141720342?
3818
Calculate the greatest common factor of 157957 and 38009.
191
What is the greatest common factor of 23544 and 95694152?
872
What is the highest common factor of 329778976 and 8?
8
Calculate the greatest common factor of 219676327 and 395.
79
What is the greatest common factor of 419191 and 19?
1
What is the highest common divisor of 113542 and 3179?
11
Calculate the greatest common factor of 282 and 11537654.
94
Calculate the highest common divisor of 30156 and 518248092.
4308
Calculate the highest common divisor of 689377 and 555409.
2791
What is the greatest common factor of 18447 and 1216083?
1419
Calculate the highest common divisor of 29 and 4226651255.
29
What is the greatest common factor of 412 and 1279499372?
412
Calculate the greatest common factor of 177 and 192805923.
177
What is the highest common factor of 164227648 and 1664?
832
Calculate the highest common factor of 461923 and 189.
7
Calculate the greatest common divisor of 4886 and 20059124.
698
Calculate the highest common factor of 928 and 376772640.
928
What is the highest common divisor of 933144 and 11918?
118
What is the greatest common factor of 375299 and 19776349?
6361
Calculate the greatest common factor of 349 and 56531.
1
Calculate the highest common divisor of 10852430 and 137478.
4166
What is the greatest common divisor of 520014 and 1452?
66
Calculate the highest common divisor of 459849306 and 159.
159
What is the greatest common divisor of 17 and 76132477?
17
Calculate the highest common divisor of 93998 and 1376.
86
Calculate the greatest common divisor of 1174 and 1855374338.
1174
Calculate the greatest common divisor of 17570829 and 75.
3
What is the greatest common factor of 23848 and 42804992?
2168
What is the highest common divisor of 630801 and 393633?
1647
What is the highest common divisor of 4434 and 4201954?
1478
Calculate the greatest common factor of 3171345 and 66783.
339
What is the greatest common factor of 5362065 and 135?
135
What is the highest common factor of 2088 and 5372916?
12
What is the highest common factor of 516302 and 5092?
134
Calculate the greatest common factor of 41850 and 28275.
75
Calculate the greatest common factor of 57117791 and 11995.
2399
What is the greatest common divisor of 328992 and 6670?
46
What is the greatest common factor of 24108 and 2881644?
492
Calculate the highest common factor of 165 and 343384305.
165
What is the highest common factor of 4592 and 17746932?
1148
What is the greatest common divisor of 984 and 585240?
24
Calculate the greatest common factor of 34411 and 7787.
13
What is the greatest common factor of 1936 and 75495288?
968
Calculate the greatest common divisor of 149197339 and 1589.
227
Calculate the highest common factor of 390 and 345172490.
130
Calculate the greatest common factor of 49445187 and 12630.
1263
Calculate the highest common factor of 11126205 and 495.
45
Calculate the greatest common divisor of 1258340314 and 22.
22
What is the greatest common divisor of 4788 and 3183621?
399
Calculate the greatest common factor of 1032 and 3211928.
344
Calculate the greatest common factor of 11501642 and 42362.
718
What is the highest common divisor of 31067058 and 1683?
561
What is the greatest common factor of 130 and 958042696?
26
Calculate the greatest common divisor of 571857 and 639375.
1023
Calculate the greatest common divisor of 4112059 and 35.
7
What is the greatest common divisor of 192255 and 11002479?
5493
Calculate the highest common factor of 186368 and 196.
28
Calculate the highest common divisor of 964 and 129370728.
964
What is the highest common factor of 304323 and 19?
19
What is the greatest common divisor of 46256327 and 39?
13
Calculate the greatest common factor of 15290 and 14750.
10
Calculate the greatest common divisor of 93 and 16050219.
93
Calculate the highest common factor of 68 and 11332676.
68
Calculate the greatest common divisor of 13413076 and 344.
172
What is the greatest common divisor of 101950330 and 320?
10
What is the highest common factor of 4674601 and 3824?
239
Calculate the highest common divisor of 5896982 and 427.
7
Calculate the greatest common divisor of 1419 and 7299193.
11
What is the greatest common factor of 575985 and 940?
235
What is the highest common factor of 320 and 15147536?
16
Calculate the greatest common divisor of 2862 and 179420688.
954
Calculate the highest common divisor of 836670 and 1355205.
2505
Calculate the highest common factor of 146748575 and 1550.
775
What is the highest common factor of 231 and 9556074?
33
What is the highest common factor of 5616 and 103626?
54
Calculate the highest common factor of 2143835 and 192325.
785
What is the greatest common factor of 49011 and 1806432?
93
Calculate the highest common divisor of 15701364 and 123039.
3969
Calculate the highest common divisor of 9234840 and 31740.
60
What is the greatest common factor of 169338110 and 290?
10
Calculate the highest common divisor of 8904 and 378359156.
1484
What is the highest common factor of 10030925 and 1600?
25
What is the greatest common divisor of 318173936 and 3184?
3184
Calculate the highest common divisor of 18713511 and 162.
81
Calculate the highest common divisor of 2016 and 19470276.
252
What is the highest common factor of 19 and 149628553?
19
Calculate the greatest common factor of 164991 and 591981.
129
What is the greatest common divisor of 15525 and 34025?
25
What is the greatest common divisor of 392448 and 10164?
84
What is the greatest common factor of 81 and 26108487?
81
What is the highest common factor of 834583069 and 6218?
3109
What is the greatest common factor of 19 and 20067287?
19
Calculate the greatest common factor of 2334356 and 60.
4
What is the greatest common divisor of 105443066 and 6904?
1726
What is the greatest common factor of 5761181 and 1139?
17
Calculate the greatest common factor of 20512 and 856.
8
Calculate the greatest common factor of 8922 and 42256079.
1487
What is the greatest common factor of 73856 and 1544629?
577
Calculate the greatest common factor of 5300611 and 4904.
613
Calculate the highest common factor of 394 and 233197765.
197
What is the greatest common factor of 7410 and 37013730?
390
What is the highest common factor of 271102412 and 171?
19
What is the greatest common factor of 3330843859 and 917?
917
Calculate the highest common divisor of 3348 and 29967111.
837
Calculate the greatest common divisor of 163471 and 34727.
847
